{"id":596,"date":"2016-05-17T15:51:41","date_gmt":"2016-05-17T13:51:41","guid":{"rendered":"http:\/\/www.ccsp.it\/blog\/?post_type=product&#038;p=596"},"modified":"2025-04-01T12:53:06","modified_gmt":"2025-04-01T10:53:06","slug":"introduzione-allarte-preistorica-e-tribale","status":"publish","type":"product","link":"https:\/\/www.ccsp.it\/blog\/?product=introduzione-allarte-preistorica-e-tribale","title":{"rendered":"Introduzione all&#8217;arte preistorica e tribale"},"content":{"rendered":"","protected":false},"excerpt":{"rendered":"<p><strong>Introduzione all&#8217;arte preistorica e tribale<\/strong><br \/>\n<em>di Emmanuel Anati; vol. 25, I ed. italiana, 2003; 128 pp., ill.<\/em><\/p>\n<p>Negli ultimi 50 mila anni, il 99 % della documentazione della storia della nostra specie \u00e8 data dai resti di societ\u00e0 non urbane e non letterate, con una organizzazione sociale semplice, che non ha creato monumenti. Ma \u00e8 proprio in questi 50 mila anni che si conservano le testimonianze delle nostre radici, \u201ccattedrali\u201d dei ripari sottoroccia, delle grotte, delle superfici rocciose, dove i nostri antenati hanno lasciato vestigia grafiche delle loro memorie, miti e vicende. Incisioni e pitture rupestri che si stanno deteriorando e vanno scomparendo. Questo immenso patrimonio artistico \u00e8 la principale testimonianza della storia dell\u2019uomo, della nostra storia prima della scrittura e va documentato in modo che la sua memoria non si perda. <a href=\"https:\/\/www.ccsp.it\/blog\/?product=introduzione-allarte-preistorica-e-tribale\">Continua a leggere<span class=\"meta-nav\">&rarr;<\/span><\/a><\/p>\n","protected":false},"featured_media":591,"comment_status":"closed","ping_status":"closed","template":"","meta":[],"product_cat":[24],"product_tag":[],"_links":{"self":[{"href":"https:\/\/www.ccsp.it\/blog\/index.php?rest_route=\/wp\/v2\/product\/596"}],"collection":[{"href":"https:\/\/www.ccsp.it\/blog\/index.php?rest_route=\/wp\/v2\/product"}],"about":[{"href":"https:\/\/www.ccsp.it\/blog\/index.php?rest_route=\/wp\/v2\/types\/product"}],"replies":[{"embeddable":true,"href":"https:\/\/www.ccsp.it\/blog\/index.php?rest_route=%2Fwp%2Fv2%2Fcomments&post=596"}],"wp:featuredmedia":[{"embeddable":true,"href":"https:\/\/www.ccsp.it\/blog\/index.php?rest_route=\/wp\/v2\/media\/591"}],"wp:attachment":[{"href":"https:\/\/www.ccsp.it\/blog\/index.php?rest_route=%2Fwp%2Fv2%2Fmedia&parent=596"}],"wp:term":[{"taxonomy":"product_cat","embeddable":true,"href":"https:\/\/www.ccsp.it\/blog\/index.php?rest_route=%2Fwp%2Fv2%2Fproduct_cat&post=596"},{"taxonomy":"product_tag","embeddable":true,"href":"https:\/\/www.ccsp.it\/blog\/index.php?rest_route=%2Fwp%2Fv2%2Fproduct_tag&post=596"}],"curies":[{"name":"wp","href":"https:\/\/api.w.org\/{rel}","templated":true}]}}