{"id":570,"date":"2016-05-17T15:38:43","date_gmt":"2016-05-17T13:38:43","guid":{"rendered":"http:\/\/www.ccsp.it\/blog\/?post_type=product&#038;p=570"},"modified":"2022-04-01T11:38:06","modified_gmt":"2022-04-01T09:38:06","slug":"la-religione-delle-origini","status":"publish","type":"product","link":"https:\/\/www.ccsp.it\/blog\/?product=la-religione-delle-origini","title":{"rendered":"La religione delle origini"},"content":{"rendered":"","protected":false},"excerpt":{"rendered":"<p><strong>La religione delle origini<\/strong><br \/>\n<em>di Emmanuel Anati; Studi Camuni 14, I ed. italiana, 1995, 144 pp., ill.<\/em><\/p>\n<p>Le religioni sono espressioni di origini diverse, oppure hanno avuto origine da una medesima matrice? Fin dai suoi primordi, l&#8217;Homo Sapiens ha sviluppato un pacchetto di capacit\u00e0 intellettuali molto particolare: la creazione dell&#8217;arte visuale, lo sviluppo di un linguaggio articolato e la strutturazione di una religione. Anche se vi sono manifestazioni attribuibili alla religiosit\u00e0 gi\u00e0 prima dell\u2019apparizione dell&#8217;Homo Sapiens, quella che si svilupp\u00f2 con l&#8217;emergere del nostro diretto antenato pu\u00f2 ben essere definita la religione delle origini perch\u00e9 da essa si svilupparono i pensieri ed i concetti religiosi successivi. La dinamica del pensiero religioso segna una linea coerente che, dalle origini ci conduce alla realt\u00e0 contemporanea. <a href=\"https:\/\/www.ccsp.it\/blog\/?product=la-religione-delle-origini\">Continua a leggere<span class=\"meta-nav\">&rarr;<\/span><\/a><\/p>\n","protected":false},"featured_media":571,"comment_status":"closed","ping_status":"closed","template":"","meta":[],"product_cat":[24],"product_tag":[],"_links":{"self":[{"href":"https:\/\/www.ccsp.it\/blog\/index.php?rest_route=\/wp\/v2\/product\/570"}],"collection":[{"href":"https:\/\/www.ccsp.it\/blog\/index.php?rest_route=\/wp\/v2\/product"}],"about":[{"href":"https:\/\/www.ccsp.it\/blog\/index.php?rest_route=\/wp\/v2\/types\/product"}],"replies":[{"embeddable":true,"href":"https:\/\/www.ccsp.it\/blog\/index.php?rest_route=%2Fwp%2Fv2%2Fcomments&post=570"}],"wp:featuredmedia":[{"embeddable":true,"href":"https:\/\/www.ccsp.it\/blog\/index.php?rest_route=\/wp\/v2\/media\/571"}],"wp:attachment":[{"href":"https:\/\/www.ccsp.it\/blog\/index.php?rest_route=%2Fwp%2Fv2%2Fmedia&parent=570"}],"wp:term":[{"taxonomy":"product_cat","embeddable":true,"href":"https:\/\/www.ccsp.it\/blog\/index.php?rest_route=%2Fwp%2Fv2%2Fproduct_cat&post=570"},{"taxonomy":"product_tag","embeddable":true,"href":"https:\/\/www.ccsp.it\/blog\/index.php?rest_route=%2Fwp%2Fv2%2Fproduct_tag&post=570"}],"curies":[{"name":"wp","href":"https:\/\/api.w.org\/{rel}","templated":true}]}}